 (base 14) to base 12
-32225
What is -164bd0 (base 14) in base 2?
-10111110110101000010
Convert eb0a4b (base 15) to base 5.
10331043241
Convert 212a59 (base 14) to base 16.
111d37
What is -11dcc (base 16) in base 10?
-73164
Convert adbed (base 16) to base 13.
1bbc02
Convert 104402525 (base 7) to base 3.
102212020212202
Convert 1011455 (base 6) to base 4.
23303123
Convert 403504 (base 6) to base 15.
96e1
Convert -50314422 (base 8) to base 11.
-5a83871
Convert 3641373 (base 8) to base 9.
1783888
-1aa7035 (base 12) to base 11
-3239923
What is 11001020022 (base 3) in base 2?
10011011100001111
What is -1324245 (base 6) in base 8?
-217505
What is -100002220010 (base 3) in base 14?
-49480
Convert 10001111010100011100 (base 2) to base 6.
20325432
-158d3c (base 14) to base 2
-10111000001100011010
Convert d6a4 (base 15) to base 3.
2022020201
What is -54534 (base 6) in base 10?
-7546
What is 17715a3 (base 11) in base 12?
100a13a
What is -11201020221 (base 3) in base 7?
-534316
20200001100 (base 3) to base 15
28d56
What is 122413340 (base 6) in base 4?
21001220130
10c (base 14) to base 3
21201
Convert -303f (base 16) to base 6.
-133103
What is 415376 (base 8) in base 14?
383dc
What is 227429 (base 10) in base 16?
37865
-a1c25 (base 15) to base 9
-860738
What is 115532544 (base 6) in base 3?
11012121112201
Convert 5682349 (base 10) to base 9.
11620641
Convert -750647 (base 8) to base 2.
-111101000110100111
Convert -15722762 (base 9) to base 12.
-27757a8
What is -2203614 (base 7) in base 3?
-111201201010
Convert -517273 (base 8) to base 11.
-108008
-19b332 (base 12) to base 2
-1101111000100010110
What is 10111001001100111 (base 2) in base 4?
113021213
What is 64251 (base 10) in base 2?
1111101011111011
What is -1300013322 (base 4) in base 15?
-91123
What is -3348c (base 14) in base 8?
-362744
What is 1224045515 (base 6) in base 2?
110110001000010100110111
What is -b604d (base 14) in base 2?
-1101011001101000101
Convert -743407 (base 9) to base 2.
-1101011111011111001
Convert -278d2 (base 16) to base 15.
-33002
Convert -2055a0 (base 14) to base 7.
-12161160
251503 (base 9) to base 11
a4259
What is -2277926 (base 12) in base 6?
-354022050
Convert -a2892 (base 14) to base 12.
-16a580
-2852a (base 15) to base 14
-3523d
What is d468a (base 16) in base 15?
122bbb
What is 3263593 (base 12) in base 10?
9586047
What is 334162 (base 7) in base 10?
59089
What is 1313212101 (base 4) in base 9?
825873
What is 66a2a (base 13) in base 5?
21430044
What is -203b41 (base 14) in base 9?
-2034750
What is -a9646 (base 13) in base 14?
-7d979
-3452041 (base 6) to base 2
-101011011101011001
-807880 (base 12) to base 8
-7512040
What is 55230 (base 9) in base 15?
acc9
What is -544320 (base 7) in base 10?
-95172
What is 30414142 (base 5) in base 3?
110121020221
Convert 2332000312 (base 4) to base 7.
6421036
Convert -193b041 (base 12) to base 10.
-5306737
173808 (base 12) to base 8
1415710
8469b (base 12) to base 15
36758
-13702406 (base 8) to base 9
-5765843
What is 6c937 (base 14) in base 15?
538c7
-225860 (base 9) to base 5
-13314232
7144777 (base 10) to base 11
403aa82
Convert -26207b (base 12) to base 6.
-21224235
-1011 (base 15) to base 16
-d3f
1102001000 (base 3) to base 12
14069
Convert -683366 (base 12) to base 4.
-12112120332
Convert 1060150 (base 9) to base 14.
10c0cd
-2332652 (base 7) to base 9
-487178
10254527 (base 9) to base 5
2230442333
77e1f (base 16) to base 3
220221120122
What is -23314056 (base 7) in base 2?
-111110101100001111100
Convert -1111212212211 (base 3) to base 16.
-c477a
What is -5a17 (base 15) in base 4?
-10223023
What is -77710 (base 8) in base 2?
-111111111001000
Convert -2513213 (base 6) to base 10.
-134217
337418 (base 11) to base 13
15a4b9
22200323200 (base 4) to base 10
2756320
What is 1010012120022111 (base 3) in base 8?
75171111
What is -1262a (base 12) in base 3?
-1021102021
What is -53a2a (base 11) in base 13?
-2991b
What is -10001001000000010010 (base 2) in base 3?
-1001111210002
Convert -1011111101011101000 (base 2) to base 13.
-109501
10636365 (base 7) to base 3
1202102222200
267704 (base 8) to base 13
33b12
Convert 6415cd (base 14) to base 13.
916692
Convert 4921b (base 14) to base 9.
302211
Convert 30755701 (base 8) to base 2.
11000111101101111000001
What is 3b85d6 (base 14) in base 4?
13312232200
11312463 (base 7) to base 13
28ab2c
What is -2601423 (base 7) in base 5?
-41233241
What is -566a (base 13) in base 4?
-2330313
Convert -22330524 (base 6) to base 5.
-133234341
481564a (base 11) to base 9
16717127
Convert 31292 (base 12) to base 14.
19634
What is 30316322 (base 7) in base 9?
4668512
12d09f (base 16) to base 3
2022122102201
Convert 269142 (base 10) to base 14.
70126
Convert -26ca443 (base 13) to base 15.
-111da3e
1244226 (base 7) to base 3
22020201020
Convert -2800813 (base 10) to base 3.
-12021021222211
Convert -223973 (base 13) to base 8.
-3051752
What is -44323001 (base 5) in base 15?
-79586
27a74 (base 15) to base 9
213471
What is 15a7685 (base 11) in base 12?
ab9982
Convert 53020271 (base 8) to base 15.
ecc5ce
What is 13531035 (base 6) in base 8?
1610077
-144420133 (base 5) to base 11
-492652
-647163 (base 9) to base 11
-243929
What is -183557 (base 13) in base 2?
-10010100010000111001
2400366 (base 7) to base 13
a7a33
Convert 13451310 (base 7) to base 2.
100110010101100011100
Convert 783783 (base 10) to base 9.
1424130
54990 (base 13) to base 15
30606
-7bb99d (base 16) to base 6
-445443033
3b5b49 (base 13) to base 4
11133302323
Convert -2035215 (base 9) to base 12.
-444842
-61ede (base 15) to base 4
-1023303110
Convert -743e0 (base 15) to base 14.
-98560
Convert -4a269 (base 16) to base 13.
-a8322
What is 255033 (base 8) in base 4?
111220123
Convert -585b6 (base 13) to base 4.
-213121133
What is -22210110202 (base 3) in base 13?
-60a49
-2997d7 (base 14) to base 6
-51010025
What is -201313 (base 9) in base 15?
-2543c
-13b86 (base 12) to base 14
-a0bc
What is -1101101000100010010110 (base 2) in base 6?
-204333514
228865 (base 10) to base 11
146a4a
What is 152246332 (base 7) in base 4?
212301100330
-314323111 (base 6) to base 11
-3139319
-11988a (base 11) to base 2
-101110000101000001
Convert f397 (base 16) to base 12.
30107
What is 144302100 (base 5) in base 3?
1110101110220
What is -132209 (base 12) in base 15?
-63413
Convert 376a8 (base 13) to base 14.
29370
Convert 460316 (base 8) to base 9.
256711
What is -3355a (base 11) in base 9?
-73574
Convert -c361a (base 14) to base 4.
-1302312120
Convert 10220012120 (base 3) to base 16.
12b97
100423033 (base 6) to base 13
4801b9
-217446 (base 10) to base 8
-650546
-53662 (base 8) to base 15
-69ba
2b19a (base 16) to base 14
4849c
What is 333542 (base 6) in base 12?
142b2
33210110 (base 4) to base 12
30a98
-1000222102111202 (base 3) to base 7
-240246005
Convert -230013331112 (base 4) to base 14.
-17714d8
-111101110111011110101010 (base 2) to base 6
-1335335242
Convert -1110121211120 (base 3) to base 16.
-be686
Convert -758c2 (base 15) to base 9.
-627872
What is 442512 (base 8) in base 12?
7214a
-223303032 (base 4) to base 5
-21220111
Convert 10000101001011010000 (base 2) to base 13.
161398
Convert 1b149 (base 15) to base 5.
10304134
1103345 (base 7) to base 10
135665
What is -ba31 (base 15) in base 6?
-502301
Convert 4334213 (base 8) to base 12.
4800b7
What is -1120211021 (base 3) in base 8?
-74763
What is -c4339 (base 14) in base 2?
-1110011011000011111
What is 317043 (base 8) in base 4?
121320203
What is 297520 (base 10) in base 12?
124214
-100011011000000 (base 2) to base 14
-685a
What is 3914b (base 16) in base 14?
612c3
What is -4771a5 (base 11) in base 12?
-305784
What is -335b03 (base 13) in base 11?
-7589a0
-82aa93 (base 11) to base 10
-1332312
Convert 104552 (base 7) to base 16.
481d
Convert 12121001212 (base 3) to base 10.
110129
What is 2653c79 (base 13) in base 4?
231321232010
What is -211333 (base 9) in base 6?
-2405433
What is 11ec1f (base 16) in base 5?
300041214
What is 1064541 (base 7) in base 6?
2510553
36391b (base 16) to base 15
4a2d93
What is -1123301222 (base 4) in base 16?
-5bc6a
What is -1000101222011 (base 3) in base 7?
-4404463
Convert 10001111100011101010 (base 2) to base 16.
8f8ea
What is 5352231 (base 6) in base 15?
53191
What is 45117750 (base 8) in b